mon factor of v and l.
2
Suppose -4*h + 4*z = -60, -12 = -2*h + 4*z + 8. What is the highest common divisor of 1290 and h?
10
Suppose 0 = 4*d, -3*d = f - 18 - 36. Suppose -9 = -57*l + f*l. Suppose -4*u + 5*u = 3*t - 158, 3*u = l*t - 150. What is the greatest common divisor of t and 6?
6
Suppose -6*w + w + 1860 = 26*w. Calculate the greatest common factor of 204 and w.
12
Let z = -3157 - -3238. What is the highest common factor of 279 and z?
9
Suppose -3*c + 0*c = -414. Let i be 66/(-286)*(-3 - 23). What is the highest common factor of i and c?
6
Suppose -f = -0*f + 1, 3*c - 4*f = 22. Suppose d = -5*w + 244, -4*d + 445 - 525 = -2*w. Calculate the highest common divisor of w and c.
6
Let r = -1799 - -2631. Suppose -2*h - f = -332, -2*f + r = 27*h - 22*h. Calculate the highest common factor of h and 224.
56
Let p be -15*3/(-120) - (-874)/16. Suppose -46*m + p*m - 360 = 0. What is the highest common divisor of 30 and m?
10
Suppose -132*q + 21*q + 184960 = 17*q. Calculate the highest common divisor of q and 493.
17
Let k be ((-70)/20 + 3)*-34. Calculate the greatest common factor of k and 2941.
17
Suppose 50*f - 16 = 46*f. Suppose f*c - 4*j - 7 = 13, -5*c = 5*j + 15. Let t be (c/(-2))/(5/(-10)). Calculate the highest common factor of 12 and t.
1
Suppose -5*s - 6521 = -4*f + 3036, -s + 11939 = 5*f. Calculate the greatest common factor of 84 and f.
12
Let w be (84/(-16) - -1 - 13/(-52)) + 28. What is the greatest common factor of 93 and w?
3
Suppose 0 = -2*i - 0 + 98. Let q = i - -80. Calculate the highest common divisor of 86 and q.
43
Suppose -7*w + 61 = -3*w + m, 5*w + m = 76. Let r = -52 + 68. Suppose 0 = -3*l + r + 2. What is the highest common divisor of l and w?
3
Let v(y) = 112*y**2 + 271*y - 2. Let a be v(-5). Calculate the highest common divisor of 39 and a.
39
Suppose -330 = -r - 5*c, -9*r + 704 = -7*r - c. Let p = -189 + r. What is the greatest common divisor of p and 92?
23
Let n(g) = -g**3 + 6*g**2 + 60*g - 34. Let o be n(11). Calculate the greatest common divisor of o and 96.
3
Let k be (-14)/21*-3*1. Let m be -12 - -16 - (-2)/k. Suppose m*c = 5*w + 390, 5*c - 3*c + w - 150 = 0. What is the greatest common divisor of 19 and c?
19
Suppose -399*o + 20 = -397*o. Let l be 6 + (-1 - -1 - 2). Suppose 0 = -2*q + j + 28 + o, 0 = l*q - 3*j - 78. What is the highest common factor of 18 and q?
18
Suppose -36 = 15*d - 9*d. Let p be (-26)/d + 18/27. Let g be p + -2 - -2 - -13. What is the greatest common factor of 63 and g?
9
Let t(n) = 43*n**2 + 10*n - 19. Let m be t(4). Suppose 4*j - 5*i + 1423 = 8*j, 5*i - m = -2*j. Calculate the highest common factor of 51 and j.
51
Let k = -608 + 602. Let v(w) = -w**2 - 8*w - 10. Let g be v(k). Calculate the highest common divisor of g and 18.
2
Suppose -4*k = -0*k - 2*j - 17204, -9*k - 5*j = -38747. What is the greatest common divisor of k and 13?
13
Suppose -3*w + 39*s - 38*s = -6635, 0 = -8*w - 4*s + 17680. What is the greatest common divisor of w and 66?
33
Suppose 0 = -27*v + 803 - 155. Calculate the highest common factor of 8232 and v.
24
Let n = 13044 + -11304. What is the highest common factor of n and 420?
60
Let f = 1702 - 1102. Suppose 4 = n - 20. What is the highest common factor of f and n?
24
Let s = 1220 - 1202. Let c = -21 - -37. Let k = s - c. Calculate the greatest common factor of k and 10.
2
Suppose -3*u - 2*c = 3*c - 99, 3*c - 65 = -2*u. Calculate the greatest common divisor of u and 2492.
28
Let m be 1 + 6 + 3795/33. What is the highest common factor of 183 and m?
61
Let z = -236 + 141. Let f = 150 + z. Calculate the highest common factor of f and 495.
55
Let z(u) be the second derivative of 3*u**5/20 - u**4/6 + u**3/6 - 12*u. Let g be z(1). What is the highest common factor of g and 14?
2
Suppose 4*h = 13*h + 4689. Let o = h + 551. What is the highest common factor of o and 24?
6
Suppose 6*o - 209 = -77. Let n = -8 + o. Let k be (-3)/((-42)/4) + 80/n. What is the greatest common factor of 4 and k?
2
Let n = 5969 + -5899. Calculate the highest common factor of n and 1218.
14
Suppose -40688 = -120*u + 13*u + 1083133. What is the greatest common divisor of u and 27?
27
Let i(q) = -q**3 + 10*q**2 - 7*q - 7. Let r be i(9). Suppose -2*g - 153 = -r*g. Calculate the highest common divisor of g and 68.
17
Let h(q) = -266*q + 4. Let z be h(4). Let s be z/(-90) + (-2)/(-9). Suppose 0 = -3*t - s, -k = 3*k - t - 40. Calculate the highest common divisor of 63 and k.
9
Let r = 10884 - 6409. Calculate the highest common factor of r and 50.
25
Let v(n) = n**3 + 8*n**2 + 5*n - 8. Let o be v(-7). What is the highest common factor of 174 and o?
6
Let y = 50276 - 22061. Calculate the greatest common factor of y and 18.
9
Suppose 87 = -5*y + 6*y. Suppose -7030 = -26*j - 244. Calculate the greatest common divisor of j and y.
87
Let c be (44/6)/((466/1631)/(444/14)). What is the greatest common factor of 220 and c?
22
Let j = -23463 + 23517. Calculate the highest common divisor of 1422 and j.
18
Suppose 2*n - 8 = -4*x, 2*n + 19 = 6*x - x. Let g be 192/(3 + x/(-2)). Suppose -3*z + g = 20. Calculate the greatest common factor of 4 and z.
4
Suppose -u + 43 = -0*u + k, 0 = u - 3*k - 31. Suppose -8*g = -3*g - u. Let d be 5/(-10) - (-12)/g. Calculate the greatest common divisor of 7 and d.
1
Let d be (-12)/7*(5391/(-18) + 2). Calculate the highest common factor of d and 102.
102
Let g = -221 + 249. Suppose 0 = g*x - 33*x + 30. What is the highest common factor of 54 and x?
6
Suppose -4*x - 7*g + 2608 = -15*g, -4*x + 2543 = 5*g. What is the greatest common factor of 18 and x?
6
Let k = -131 - -152. Suppose 2*w = 0, -3*s - 3*w + 0 + k = 0. What is the highest common divisor of s and 133?
7
Let b be (-15)/(-9)*(-126)/(-105). Suppose 5*o = 5*j - 170, b*o + 51 = 3*j - 49. Calculate the greatest common divisor of 224 and j.
32
Let a = 13827 - 13825. Calculate the highest common factor of 1272 and a.
2
Let i = -1452 + 5871. Calculate the greatest common divisor of i and 45.
9
Suppose -18115 = 56*z - 24771 - 34280. What is the greatest common factor of z and 221?
17
Suppose -7*k = -21*k - 112. Let z be 38/(-152) + (-18)/k. What is the highest common factor of z and 178?
2
Let b(y) = -10 + 177*y + y**3 - 6 - 174*y - 17*y**2. Let s be b(17). Calculate the greatest common divisor of 63 and s.
7
Let l(q) be the second derivative of -2*q**3/3 - 63*q**2/2 - 61*q. Let n be l(-18). What is the highest common divisor of 3 and n?
3
Let l be ((-45)/10 - -3)/((-3)/26). Suppose -l*a - 24 + 336 = 0. Calculate the highest common factor of a and 30.
6
Let p(t) = 9*t - 4. Let s be p(8). What is the highest common divisor of 527 and s?
17
Let x = 21 - -86. Let m = x - 4. Let k = -93 + m. What is the highest common divisor of k and 2?
2
Let q = -226 + 229. Let l be (-272)/72*q*(-6)/4. What is the highest common factor of 187 and l?
17
Let r be (-13)/((-117)/198) - (-2 - 2). Let m be (-12)/9 + (-20)/(-15). Suppose -3*p - 2*p + 520 = m. What is the highest common divisor of p and r?
26
Suppose -5*b - 6*g + 162 = 50, 3*b - 5*g - 50 = 0. Calculate the greatest common factor of b and 710.
10
Let g = -41 - -48. Let j be g/(((-2)/(-35))/(15 + -13)). Let y = -21 - -56. What is the highest common factor of j and y?
35
Let o(q) = 4*q + 68. Suppose -31*u + 12 = -28*u. Let f be o(u). Let t be (8/(-10))/((-2)/70). What is the greatest common factor of t and f?
28
Suppose -1200 = -5*k + 3*g, -86*g + 84*g + 960 = 4*k. Calculate the greatest common divisor of 96 and k.
48
Suppose 4*j - 7*j = -4*g - 32, -5*j = -4*g - 40. Suppose 0 = -2*i + j*i - 108. Calculate the greatest common factor of 12 and i.
6
Suppose -19 = -2*v - 3*f, -978 + 951 = -v + 2*f. Let y(p) = 15*p**2 + 5*p + 7. Let t be y(-5). What is the greatest common divisor of v and t?
17
Suppose 37*h = 9520 - 2009. Calculate the greatest common factor of 133 and h.
7
Suppose 21*s + 57*s = 109746. Calculate the greatest common divisor of 399 and s.
21
Let h(d) = -d**2 - 50*d + 32. Let y be h(0). What is the greatest common factor of y and 7744?
32
Let y = -39988 + 44330. What is the greatest common factor of 104 and y?
26
Let i be (44/88)/(1/22). What is the greatest common factor of i and 5390?
11
Suppose -61*i = 220253 - 555692. What is the highest common factor of i and 117?
117
Let f = -3936 + 3